e prime factors of i?
7, 19
Let v(p) = -p**3 + 18*p**2 + 37*p + 66. Let x be v(20). Suppose -3*m + 1845 = -5*l, -x*l + l = -15. What are the prime factors of m?
2, 5, 31
Let g(y) = 0*y - 7*y - y**2 - 2*y + 0*y**2 + 17. Let j be g(-13). What are the prime factors of (j - -20)*38/(-6)?
5, 19
What are the prime factors of -7 + ((-145484)/12)/((-4)/((-96)/(-8)))?
2, 9091
Let x = -1244 - -1792. What are the prime factors of x?
2, 137
Let g(h) = -77*h - 243. Let i be g(-8). Suppose -i - 297 = -5*u. What are the prime factors of u?
2, 67
Let g(x) = x**2 - 7*x - 15. Let f be g(9). Let k(h) = -3*h + 11. Let c be k(f). Suppose -c*j = 5*w - 1006, 93 = w - 5*j - 92. What are the prime factors of w?
2, 5
Suppose -22 = -3*r + v, -r = -2*v + 4 - 8. Let n(i) = i**3 - 6*i**2 + 8*i + 10. List the prime factors of n(r).
2, 101
Let q(v) = -v**3 + 36436 + 31*v + 17*v**2 - 36559 - 10*v. What are the prime factors of q(16)?
7, 67
Let l(y) = 23*y + 14. Let u(j) = 1. Let m(o) = l(o) - 4*u(o). List the prime factors of m(6).
2, 37
Suppose 6*k + 2*h = k + 23, -k = 5*h. Suppose 4*y + 0*g = k*g + 1067, 0 = 5*y + 3*g - 1380. List the prime factors of -3*(0 - -1) + y + 21.
3, 97
Suppose 0 = -112*x + 49*x + 829962. List the prime factors of x.
2, 7, 941
What are the prime factors of (1 + (-9)/(-15))/(7579/(-1265) + 6)?
2, 23
Suppose 0*l = -5*s - 3*l - 670, 0 = -2*s - 3*l - 259. Let w(z) = -12*z - 37. Let i be w(17). Let f = s - i. What are the prime factors of f?
2, 13
Let x be 2031*((-138)/(-9) - -6). Suppose x = 29*s + 3*s. What are the prime factors of s?
2, 677
Let b be 27/45 + (-836)/10. Let k = b + 65. Let a = k + 44. List the prime factors of a.
2, 13
What are the prime factors of (-19 - (-915)/45)*(-444765)/(-10)?
2, 149, 199
Suppose -2*r - 4*r = -5*r. Let y be r/2 - (2 - -77)/(-1). Suppose -d + y = x, 4*d = -3*x + 236 + 83. What are the prime factors of d?
2, 41
Let z(d) = -166*d - 390. List the prime factors of z(-37).
2, 719
Suppose 3*u - h = 21426, 4*u + 5*h + 4368 - 32974 = 0. List the prime factors of u.
2, 19, 47
List the prime factors of (-561825)/66*(-36)/27.
2, 5, 227
Suppose -4*j = -4*t - 1120, 0 = -4*t - t - 20. List the prime factors of (j - -1) + (-12 - -8).
3, 7, 13
Let a(i) = 8*i**3 + 934*i**2 - 235*i - 216. Let k be a(-117). Let u be 117 - 1/(1/(-1)). Let m = k + u. List the prime factors of m.
19
Let v = 29077 + 1098. List the prime factors of v.
5, 17, 71
Let g(f) = -31*f**2 - 24*f**2 + 92*f**2 - 32*f**2 + 17*f - 29. What are the prime factors of g(4)?
7, 17
Suppose 45*j = 165*j + 96*j - 2587032. What are the prime factors of j?
7, 29, 59
Let o = -116 + 120. Suppose 4*f + 62 + 94 = 2*i, 12 = o*f. What are the prime factors of i?
2, 3, 7
Suppose -14*k + 146610 = -102744. What are the prime factors of k?
3, 1979
Suppose 17*z - 9 - 25 = 0. List the prime factors of 78 - (5 + -1)/z.
2, 19
Let x = -29 - -33. Suppose 0 = -0*f + f - 3*v - 15, v = -x. Suppose -h + f*o = 4*h - 1225, -2*h + o = -490. List the prime factors of h.
5, 7
Let u(r) = -454*r + 1007. What are the prime factors of u(-12)?
5, 1291
Let l(b) = 32*b**3 + b**2 - 45*b + 284. What are the prime factors of l(8)?
2, 4093
Let r(x) = x**2 - 16*x + 57. Let l be r(11). Suppose 768 = l*o + j, 0*j = -5*j + 10. What are the prime factors of o?
383
Suppose 0 = -0*j + 2*j - 6. Suppose -4*i = -16, -3*m - 2*i = -j*i + 40. Let c = 27 + m. What are the prime factors of c?
3, 5
Let m(z) = 80*z - 67. Let b be m(12). Let f = b - 587. List the prime factors of f.
2, 3, 17
Suppose -139*y + 1490 = -56*y - 12703. List the prime factors of y.
3, 19
Let b(s) = -47*s - 22. Let n(o) = 3*o**2 - 2*o - 10. Let g be n(-2). Suppose 4*k + 3*f + 13 = 0, -g*k - 3*f - 20 = -k. List the prime factors of b(k).
307
Suppose -3*i + 9089 = -7*u, 544 + 14621 = 5*i + 5*u. List the prime factors of i.
2, 379
Let s(m) be the second derivative of -4*m**3 - 7*m + 0 - 25/2*m**2. List the prime factors of s(-9).
191
Let t(f) = -2*f + 4. Let h be t(2). Let m be 573 + (h - 3 - 0). Suppose -4*c = c - m. What are the prime factors of c?
2, 3, 19
Let p = 5882 + 1603. List the prime factors of p.
3, 5, 499
List the prime factors of (238760/(-889))/((-2)/70).
2, 5, 47
Let v = 7183 - 5020. List the prime factors of v.
3, 7, 103
Let w be (9/9)/((-4)/(-44)). Let j(b) = b**3 - 5*b**2 - 30*b + 10. List the prime factors of j(w).
2, 7, 29
Suppose -10970 = -328*j + 327*j + 5*o, -4*o + 22010 = 2*j. What are the prime factors of j?
3, 5, 733
Let a = -28 - -31. Let f(c) = 14*c**2 - 13*c - 27*c**2 - 16 + c**a + 21*c**2. What are the prime factors of f(-8)?
2, 11
Let s = 111831 - 51016. List the prime factors of s.
5, 12163
Let o(t) = -22*t + 258. Let d(y) = -36*y + 387. Let p(f) = 5*d(f) - 7*o(f). List the prime factors of p(-6).
3, 5, 19
Suppose -68*q + 504526 = 141*q. List the prime factors of q.
2, 17, 71
Let i be 4/(-22) + 4205/319. Suppose -155 = -y - 4*y. Suppose i*p - 12*p - y = 0. List the prime factors of p.
31
Let w(d) = -15*d**3 + 8*d**2 + 38*d + 187. What are the prime factors of w(-8)?
5, 17, 19
Suppose 4*q = 12813 + 26687. List the prime factors of q.
5, 79
Suppose 3 = -7*n + 3. Suppose n = 139*u - 144*u + 2970. What are the prime factors of u?
2, 3, 11
Let l(t) = -t**2 - 17*t - 11. Let j be l(-6). Let g = j - 35. List the prime factors of g/(-4) + 1 - -34.
2, 3, 5
Let k be (-2)/(2/(-2962 + -2)). Suppose -67*r = -27*r - 360. Suppose -3*o = r*o - k. What are the prime factors of o?
13, 19
Let i(c) = -810*c + 734. What are the prime factors of i(-5)?
2, 13, 23
Suppose -124*a - 57*a = -3510692 + 804018. List the prime factors of a.
2, 7477
Suppose -22 = -b + g - 4, 3*g = 5*b - 88. Suppose 0 = 11*y - b - 5. Suppose y*a - 222 = 3*m, -327 = -2*a - a + 3*m. What are the prime factors of a?
3, 5, 7
Let o be 2/13 + (4221/(-117))/7. Let t(b) = b**3 + 10*b**2 - 3*b + 9. List the prime factors of t(o).
149
Let o be 1/(-1)*2 - (8 + -7). List the prime factors of o*8/3 - -48.
2, 5
Suppose 0 = 3*z + 4*z + 8*z. Suppose 3*d = f - d - 567, -4*f - 3*d + 2192 = z. What are the prime factors of f?
19, 29
Let c be ((-3)/(-2))/((-33)/42548). Let b = -1086 - c. List the prime factors of b.
2, 53
Let a = -7080 - -23797. What are the prime factors of a?
73, 229
Let t(y) = -6*y**3 + 5*y + 2. Let f be t(2). What are the prime factors of f/(-4) + 6 + -3?
2, 3
Suppose 0*v = 4*v + 4, 4*v = k - 82. Suppose 4*j - k = 342. List the prime factors of j.
3, 5, 7
Let r = -229 + 658. Suppose 3*k + r = j + 2*k, -4*j + 1691 = k. List the prime factors of j.
2, 53
Let w(v) = 4*v**3 - 13*v**2 - 99*v + 25. What are the prime factors of w(16)?
11497
Let p be 2 + -4 + (1 - (-34)/2). Suppose 14 + 18 = p*w. Suppose 2*h + u + w = 3*h, u - 5 = 0. List the prime factors of h.
7
Let u = -1822 - -3462. What are the prime factors of u?
2, 5, 41
Suppose 0 = 3*r - 4*k - 307, r - 106 = 9*k - 4*k. Suppose 99*p = r*p - 1192. What are the prime factors of p?
2, 149
Let s be ((-51)/(-17))/(1 - (-13)/(-10)). Let u be ((-846)/s - 0) + 27/(-45). Let h = u + -40. What are the prime factors of h?
2, 11
Suppose -5*z - 7 = 13, -y = 3*z - 159. Suppose 0 = r - y - 193. What are the prime factors of r?
2, 7, 13
Let p = -54 + 437. Let q = -908 + 913. Suppose 3*j = j - q*c + p, 2*c = 3*j - 603. What are the prime factors of j?
199
Let g(j) = -9*j. Let o be g(-3). Suppose -o = -7*n + 1. Suppose 0 = -v - n*u - 0*u + 126, -3*u = -6. List the prime factors of v.
2, 59
Let p(a) = a**3 - a**2 - 2*a. Let b be p(2). Suppose 4*x + 2*x - 12 = b. Let w = x + 37. What are the prime factors of w?
3, 13
What are the prime factors of 21648 + (-84)/36*6 - (1 - 1)?
2, 29, 373
List the prime factors of -30*(51814/(-42) - 13).
2, 5, 11, 17
Let n(t) = 195*t**2 - 172*t - 3. Let j be n(12). Suppose 42*m - j + 7659 = 0. List the prime factors of m.
19, 23
Suppose -2*l = -2*o + 3*o - 14, -3*o + 5*l = -97. Suppose o*k - 10820 = 2212. List the prime factors of k.
3, 181
Let y(t) = -31*t + 15 + 11*t + 6*t - 3*t. Let h(g) = g**2 + 7*g - 8. Let o be h(-7). What are the prime factors of y(o)?
151
Suppose 6*s = 139805 - 34805. List the prime factors of s.
2, 5, 7
Let b(w) be the third derivative of 12*w**2 - 13/24*w**4 + 4/15*w**5 + 0 + 0*w - 1/6*w**3 - 1/120*w**6. List the prime factors of b(15).
29
Let v = -4271 + 4563. List the prime fa